h(32).
2, 11, 43
Suppose 2*m - 55 = 2*j + 5*m, 0 = -3*j + 2*m - 76. Let p = 29 - -24. Let n = j + p. List the prime factors of n.
3
Let p = -11 + 10. Let s be 8/8 + p + 4. Suppose s*g - 2*q = 100, -3*q = -3*g + 90 - 15. List the prime factors of g.
5
Suppose -48*q - 196 = -47*q. Let j = q - -422. List the prime factors of j.
2, 113
Let l(f) = 1153*f**2 + 5*f + 2. List the prime factors of l(2).
2, 17
Let p(o) = -o**2 - o + 5. Let s be p(0). Suppose -5*g + 34 = 5*n + 4, 0 = 4*n + s*g - 20. List the prime factors of n.
2, 5
Let t(v) = -v**3 + 13*v**2 + 20*v. List the prime factors of t(13).
2, 5, 13
Suppose 6*g - g - 15 = 0. Suppose -128 - 141 = -4*q - g*w, w = q - 76. List the prime factors of q.
71
Let q(n) = -2*n**2 + 15*n - 15. Let a be q(6). Suppose -345 = -a*t - 114. What are the prime factors of t?
7, 11
Let h(w) = 121*w + 817. List the prime factors of h(26).
3, 1321
Let f(q) = -q**3 - 4*q**2 - 3*q + 1. Let v be f(-5). Let u be (1/3)/((-40)/(-1560)). Let l = v - u. List the prime factors of l.
2, 7
Suppose -4*k = k + 1375. List the prime factors of 2 - k/(-10)*-2.
3, 19
Suppose r = 2*t + 639, -r + 636 = 4*t - 7*t. What are the prime factors of r?
3, 5, 43
Let p be 2 - 1 - (-6 + -31). Let h = p + -26. What are the prime factors of h?
2, 3
Let z(x) = 10*x - 19. Suppose -i + 10 = 1. What are the prime factors of z(i)?
71
Let p be (-10)/(-4) + 2/(-4). Let h = 316 + -187. Suppose x = -5*k + h, 0 = -5*k + p*k + x + 71. List the prime factors of k.
5
Let z = -9 + 639. Let y = -344 + z. What are the prime factors of y?
2, 11, 13
Suppose 0 = 4*r - 2*r - 4. What are the prime factors of 6/3*(7/2 + r)?
11
List the prime factors of (-18)/(-45) + (-1588)/(-5).
2, 3, 53
What are the prime factors of ((-54)/1)/6 + 1504?
5, 13, 23
Suppose -j + 2*j = 11791. Let t be (-2)/4 - j/(-26). What are the prime factors of t/13 + (-2)/(-13)?
5, 7
Let g(k) = 8*k + 34. Let l be g(17). Suppose a + 5*b = 61, 3*a - 2*b = -4*b + l. What are the prime factors of a?
2, 7
Suppose 4042 - 18424 = -18*w. Suppose w = 8*a - 241. List the prime factors of a.
2, 5, 13
Let g(h) = -273*h - 80. What are the prime factors of g(-3)?
739
Let b be 74/(-9) + (-8)/(-36). Let p be 75/27 + b/(-36). Suppose 50 = p*k - 79. List the prime factors of k.
43
Suppose y - 3*y + 4*j = -1022, 0 = y + 4*j - 517. What are the prime factors of y?
3, 19
What are the prime factors of 10*(-32)/240*5637/(-4)?
1879
Let q(y) be the third derivative of y**6/360 + y**5/20 - y**4/8 - y**3/2 + y**2. Let a(w) be the first derivative of q(w). What are the prime factors of a(-9)?
2, 3
Let i = 1618 - 888. List the prime factors of i.
2, 5, 73
Let x(h) be the first derivative of -5*h**2/2 - 10*h + 2. Suppose 4*n + 40 = 20. List the prime factors of x(n).
3, 5
Let m = 5 - 0. Suppose -m*c + 6 = -9. Suppose 3*g - c*z = 156, 4*g - 220 = -0*g + z. What are the prime factors of g?
2, 7
Let q = -2009 - -5334. List the prime factors of q.
5, 7, 19
Let z(p) = p**3 + 17*p**2 + 12*p - 7. Let w be z(-16). Suppose -5*m + 10*m - w = -3*v, m + 99 = 4*v. List the prime factors of v.
2, 3
Let k(c) = -21*c**2 + 5*c - 8. Let w(p) = -5*p**2 + p - 2. Let t(x) = -2*k(x) + 9*w(x). Let b be t(-3). Let h = b - -63. What are the prime factors of h?
37
Let j = -4 - -11. Suppose 2*a = -3*u + 502, 3*a + j + 5 = 0. Suppose -3*g = -2*w + 67, 5*g = 5*w - 0*w - u. List the prime factors of w.
5, 7
Let n be 21/(-14) - (0 - (-417)/(-6)). Suppose 28 = 2*f - n. What are the prime factors of f?
2, 3
Suppose -3*h + 1740 = 3*q, 41*q - 590 = 40*q - 3*h. List the prime factors of q.
5, 23
Let p = -21 - -11. Let z = 6 + p. Let a = 34 + z. List the prime factors of a.
2, 3, 5
Suppose 231*b = 236*b - 280. What are the prime factors of b?
2, 7
Suppose 10 = -5*y, -10747 + 2999 = -2*j - 5*y. List the prime factors of j.
3, 431
Let z be -1 + -2 - (5 + -2). Let f = 72 + z. What are the prime factors of f?
2, 3, 11
Let w(n) = 30*n - 24. List the prime factors of w(15).
2, 3, 71
Let k(l) = -11*l - 16*l + 33*l + 7 + 63*l**2. What are the prime factors of k(-2)?
13, 19
Let d(u) = u**2 - 2*u. Let p be d(2). Suppose -1 = y - w + 3, -w = p. What are the prime factors of 28/y*(-12)/21?
2
Suppose 4*n + 5*i = 13895, -3*n + 2*i + 4730 = -5697. List the prime factors of n.
5, 139
Let p(x) = x**3 - 3*x + 2. Let r be p(-2). Let c = 290 - 178. Suppose r = -n - 3*n + c. List the prime factors of n.
2, 7
Suppose -s = -0*s - 2*t - 9, -12 = 3*t. Let k be ((-1)/3)/(s/(-36)). What are the prime factors of 9/k + 772/16?
7
Let u be (-5)/25 + (-222)/(-10). Suppose 4*a - 4*q = -47 + 123, u = a - 2*q. List the prime factors of a.
2
What are the prime factors of -6*(-68)/2*(-4)/(-12)?
2, 17
Suppose -x + 4 + 0 = 0. Suppose 9*m + 810 = x*m. List the prime factors of (-2)/(-7) + m/(-21).
2
Let l = 14 + 5. Let y = l + 10. List the prime factors of y.
29
Let h(i) = 5*i**2 - 21*i - 71. What are the prime factors of h(-17)?
3, 577
Suppose -194072 = -27*t - 41*t. List the prime factors of t.
2, 1427
Let u(t) = -3396*t**2 + 2*t - 5. Let m be u(2). What are the prime factors of m/(-91) + (-2)/7?
149
Suppose 114 + 46 = -2*p. Let t = p + 84. What are the prime factors of t?
2
Let z be (-316)/(-26) - (-4)/(-26). Let d(o) = 2*o - 18. Let n be d(z). Suppose n*i - 48 = 4*i. List the prime factors of i.
2, 3
Let d(i) = -4*i - 3. Let l(x) = -1. Let m be (-1)/(2 + -3)*-1. Let o(u) = m*d(u) - 2*l(u). What are the prime factors of o(13)?
3, 19
Suppose -r = -9*f + 5*f + 10204, -3*f + 7672 = 4*r. What are the prime factors of f?
2, 11, 29
Suppose -3*q = 3*j - 627, -11*q + 209 = j - 9*q. List the prime factors of j.
11, 19
Let x be (12/(-42))/((-2)/28). Suppose 2*m = -x*m + 216. List the prime factors of m.
2, 3
Let f be (52/(-8) + -4)*(-2 + 0). Let t = 44 - f. List the prime factors of t.
23
Suppose 0*c + c = 24. Suppose -2*t + 400 - c = 0. Suppose -t = -16*x + 12*x. What are the prime factors of x?
47
Let l be -2 - (2/(-3) + (-75)/9). Let z(f) = -f**3 + 10*f**2 - 11*f + 29. List the prime factors of z(l).
3, 11
Let m(t) = t**3 + 10*t**2 + t - 24. What are the prime factors of m(5)?
2, 89
Let x be ((-7)/(-14))/(2/8). Let t(r) = r**3 - 2*r**2 + 2*r + 2. What are the prime factors of t(x)?
2, 3
Suppose -7*w = -4*w - 723. List the prime factors of w.
241
Let d(m) = -2*m + 67. Let t be ((-8)/(-12))/(4/(-30)). Let y be 0/(-2 - (t - -1)). What are the prime factors of d(y)?
67
Let t = 7863 + -4917. List the prime factors of t.
2, 3, 491
Let o be (-3)/6*16/1. Let l be (12/o)/((-2)/24). Let s = 50 - l. List the prime factors of s.
2
Let o = -334 + 419. List the prime factors of o.
5, 17
Suppose 2*w = -2*l + 11 + 169, -5*w + 4*l + 414 = 0. Suppose 0 = 12*c + w - 854. List the prime factors of c.
2
Let t = 215 - -64. What are the prime factors of t?
3, 31
Suppose 5*i = 410 - 25. Let b = i + -4. Suppose -4*k + 43 = -b. What are the prime factors of k?
29
Let z be (9 - 14)/(-1 - 0). List the prime factors of 15/(-2)*(-88)/z.
2, 3, 11
Let p = 762 - 290. List the prime factors of p.
2, 59
Let f be 80/12*(-24)/(-20). What are the prime factors of (6/f)/(2/464)?
2, 3, 29
Suppose 5*h + 676 = 2921. Suppose -3*c + 4*i = -295, -i + 5*i = -5*c + h. What are the prime factors of c?
3, 31
Let f = -10 + -6. Let k be (-30)/(-4)*f/(-24). Suppose -3*j - o + k*o + 105 = 0, -5*j - o = -152. List the prime factors of j.
31
Suppose 60 = -7*u + 3*u. Let t(q) = -q - 15. Let s be t(u). Suppose s = 7*j - 6*j - 16. What are the prime factors of j?
2
Let l(y) be the first derivative of -3*y**2/2 - 4*y + 10. List the prime factors of l(-4).
2
Let l(x) be the third derivative of x**6/120 - 4*x**5/15 - 2*x**4/3 - 5*x**3/2 - 9*x**2. Let d be l(17). What are the prime factors of d/6 + (-596)/(-12)?
2, 5
Suppose -53*n + 2*f - 2752 = -54*n, -2*n + 5500 = 3*f. What are the prime factors of n?
2, 7
Let y(v) = 2*v + 22. Let r be y(-9). Suppose r*a = -i + 215, 0*i = 5*a - 5*i - 250. List the prime factors of a.
53
Let v = 17 - 15. Suppose v*o + 12 - 194 = 0. Let h = o - 47. What are the prime factors of h?
2, 11
Suppose 4*s + 340 = 2*z, 5*s + 2*z + 517 = 101. Let u = -53 - s. Let k = 44 - u. What are the prime factors of k?
13
Let l = -54 + 89. Let h be 1*(-156)/(-15)*5*1. Let d = h - l. What are the prime factors of d?
17
Suppose -9*i + 28 = -2*i. Suppose -